 thousands digit of 62614?
6
What is the tens digit of 117289?
8
What is the hundreds digit of 5256?
2
What is the tens digit of 23263?
6
What is the tens digit of 36858?
5
What is the hundreds digit of 5002?
0
What is the tens digit of 5968?
6
What is the hundreds digit of 4993?
9
What is the tens digit of 5467?
6
What is the hundreds digit of 828?
8
What is the tens digit of 246?
4
What is the hundreds digit of 3408?
4
What is the hundreds digit of 1194?
1
What is the ten thousands digit of 12190?
1
What is the units digit of 3031?
1
What is the ten thousands digit of 21454?
2
What is the hundreds digit of 2903?
9
What is the tens digit of 28393?
9
What is the ten thousands digit of 185291?
8
What is the hundreds digit of 919?
9
What is the tens digit of 72583?
8
What is the hundreds digit of 26444?
4
What is the tens digit of 1997?
9
What is the tens digit of 890?
9
What is the tens digit of 556?
5
What is the units digit of 5402?
2
What is the units digit of 165?
5
What is the thousands digit of 5711?
5
What is the tens digit of 6852?
5
What is the hundreds digit of 345?
3
What is the tens digit of 281?
8
What is the thousands digit of 100065?
0
What is the hundreds digit of 2954?
9
What is the hundreds digit of 27336?
3
What is the ten thousands digit of 59069?
5
What is the tens digit of 3076?
7
What is the units digit of 1895?
5
What is the units digit of 15553?
3
What is the tens digit of 15652?
5
What is the hundreds digit of 79468?
4
What is the thousands digit of 22811?
2
What is the units digit of 11427?
7
What is the hundreds digit of 4730?
7
What is the tens digit of 1261?
6
What is the ten thousands digit of 13844?
1
What is the units digit of 1576?
6
What is the tens digit of 40760?
6
What is the tens digit of 91152?
5
What is the tens digit of 3201?
0
What is the units digit of 1566?
6
What is the hundreds digit of 18241?
2
What is the thousands digit of 8638?
8
What is the thousands digit of 4001?
4
What is the tens digit of 2901?
0
What is the hundreds digit of 2928?
9
What is the hundreds digit of 11898?
8
What is the ten thousands digit of 30364?
3
What is the thousands digit of 2338?
2
What is the ten thousands digit of 18534?
1
What is the tens digit of 1714?
1
What is the hundreds digit of 4039?
0
What is the units digit of 585?
5
What is the hundreds digit of 693?
6
What is the tens digit of 1471?
7
What is the thousands digit of 25126?
5
What is the units digit of 1091?
1
What is the units digit of 32360?
0
What is the hundreds digit of 8432?
4
What is the tens digit of 12487?
8
What is the units digit of 10?
0
What is the tens digit of 3448?
4
What is the thousands digit of 4749?
4
What is the ten thousands digit of 14481?
1
What is the ten thousands digit of 56111?
5
What is the hundreds digit of 22095?
0
What is the hundreds digit of 156?
1
What is the tens digit of 48554?
5
What is the tens digit of 54658?
5
What is the hundreds digit of 6581?
5
What is the units digit of 22154?
4
What is the units digit of 3261?
1
What is the ten thousands digit of 36231?
3
What is the units digit of 12394?
4
What is the units digit of 1496?
6
What is the tens digit of 2447?
4
What is the hundreds digit of 6070?
0
What is the thousands digit of 92690?
2
What is the thousands digit of 27542?
7
What is the units digit of 628?
8
What is the units digit of 4578?
8
What is the thousands digit of 8701?
8
What is the units digit of 190?
0
What is the ten thousands digit of 42323?
4
What is the units digit of 669?
9
What is the hundreds digit of 866?
8
What is the ten thousands digit of 37507?
3
What is the units digit of 674?
4
What is the units digit of 24933?
3
What is the tens digit of 3195?
9
What is the ten thousands digit of 12939?
1
What is the tens digit of 2240?
4
What is the units digit of 24335?
5
What is the tens digit of 116?
1
What is the ten thousands digit of 59218?
5
What is the thousands digit of 2013?
2
What is the tens digit of 1430?
3
What is the thousands digit of 10786?
0
What is the units digit of 48612?
2
What is the ten thousands digit of 30991?
3
What is the hundreds digit of 2542?
5
What is the hundreds digit of 4714?
7
What is the tens digit of 1779?
7
What is the ten thousands digit of 38415?
3
What is the tens digit of 736?
3
What is the units digit of 68338?
8
What is the tens digit of 833?
3
What is the units digit of 6600?
0
What is the hundreds digit of 1121?
1
What is the tens digit of 923?
2
What is the tens digit of 100978?
7
What is the hundreds digit of 468?
4
What is the units digit of 15613?
3
What is the tens digit of 4432?
3
What is the tens digit of 12782?
8
What is the hundreds digit of 322?
3
What is the units digit of 2614?
4
What is the units digit of 2542?
2
What is the tens digit of 49057?
5
What is the tens digit of 58?
5
What is the hundred thousands digit of 181678?
1
What is the tens digit of 2708?
0
What is the units digit of 11333?
3
What is the hundreds digit of 1097?
0
What is the thousands digit of 2305?
2
What is the tens digit of 1529?
2
What is the hundreds digit of 10291?
2
What is the thousands digit of 2655?
2
What is the thousands digit of 54209?
4
What is the units digit of 35775?
5
What is the hundreds digit of 1092?
0
What is the units digit of 32742?
2
What is the thousands digit of 5385?
5
What is the hundreds digit of 7472?
4
What is the tens digit of 92459?
5
What is the tens digit of 630?
3
What is the tens digit of 999?
9
What is the thousands digit of 11407?
1
What is the units digit of 30809?
9
What is the ten thousands digit of 72387?
7
What is the hundreds digit of 506?
5
What is the units digit of 915?
5
What is the thousands digit of 5763?
5
What is the units digit of 289?
9
What is the tens digit of 543?
4
What is the hundreds digit of 2428?
4
What is the units digit of 203?
3
What is the hundreds digit of 698?
6
What is the thousands digit of 1287?
1
What is the units digit of 2237?
7
What is the hundreds digit of 2799?
7
What is the hundreds digit of 53647?
6
What is the units digit of 1387?
7
What is the units digit of 2322?
2
What is the hundreds digit of 3230?
2
What is the ten thousands digit of 122906?
2
What is the hundreds digit of 24398?
3
What is the thousands digit of 3542?
3
What is the ten thousands digit of 12109?
1
What is the tens digit of 4856?
5
What is the tens digit of 67050?
5
What is the tens digit of 1460?
6
What is the thousands digit of 85385?
5
What is the hundreds digit of 10092?
0
What is the hundreds digit of 24835?
8
What is the thousands digit of 7794?
7
What is the hundreds digit of 271?
2
What is the units digit of 25356?
6
What is the hundreds digit of 2770?
7
What is the hundreds digit of 3299?
2
What is the thousands digit of 27579?
7
What is the thousands digit of 7873?
7
What is the units digit of 2102?
2
What is the units digit of 270?
0
What is the units digit of 3350?
0
What is the hundreds digit of 27948?
9
What is the units digit of 83113?
3
What is the ten thousands digit of 35390?
3
What is the tens digit of 4078?
7
What is the thousands digit of 33488?
3
What is the tens digit of 198?
9
What is the tens digit of 266?
6
What is the units digit of 34838?
8
What is the hundreds digit of 6149?
1
What is the hundreds digit of 90506?
5
What is the tens digit of 3451?
5
What is the hundreds digit of 1380?
3
What is the units digit of 994?
4
What is the thousands digit of 1570?
1
What is the units digit of 1196?
6
What is the tens digit of 1200?
0
What is the units digit of 665?
5
What is the units digit of 20845?
5
What is the units digit of 1019?
9
What is the tens digit of 25251?
5
What is the tens digit of 440?
4
What is the ten thousands digit of 10475?
1
What is the ten thousands digit of 21710?
2
What is the hundreds digit of 461?
4
What is the units digit of 52?
2
What is the hundreds digit of 339?
3
What is the units digit of 10518?
8
What is the hundreds digit of 9809?
8
What is the ten thousands digit of 57485?
5
What is the units digit of 1843?
3
What is the tens digit of 2989?
8
What is the ten thousands digit of 12188?
1
What is the units digit of 95957?
7
What is the hundreds digit of 514?
5
What is the hundreds digit of 811?
8
What is the units digit of 3722?
2
What is the tens digit of 308?
0
Wh